and 12214868?
124
Calculate the greatest common divisor of 1620779 and 89.
89
What is the greatest common factor of 232 and 57935272?
232
What is the greatest common factor of 81 and 36279261?
9
Calculate the greatest common divisor of 1180 and 775860.
20
What is the greatest common divisor of 7715079 and 2148?
537
What is the greatest common divisor of 326904669 and 7?
7
Calculate the highest common divisor of 181476 and 130498.
142
Calculate the greatest common factor of 14 and 175622734.
14
What is the highest common divisor of 15575744 and 2432?
1216
Calculate the greatest common factor of 64260 and 4017440.
2380
Calculate the greatest common factor of 2922675 and 1900.
475
What is the greatest common divisor of 13993 and 10384805?
1999
What is the highest common divisor of 88325802 and 56906?
1538
What is the highest common divisor of 6613395 and 165?
15
Calculate the greatest common divisor of 4050 and 70650.
450
Calculate the greatest common divisor of 9723 and 42239490.
1389
Calculate the greatest common divisor of 380160 and 98550.
270
Calculate the greatest common divisor of 51920 and 6780.
20
Calculate the greatest common factor of 2864 and 139836232.
1432
Calculate the highest common divisor of 60 and 25410540.
60
What is the highest common divisor of 119 and 60051089?
119
Calculate the greatest common factor of 12091049 and 318.
53
Calculate the greatest common divisor of 42047 and 21356.
19
Calculate the greatest common factor of 3449215 and 21080.
2635
Calculate the highest common factor of 772412 and 43594.
614
What is the highest common factor of 19413 and 154827?
9
What is the highest common divisor of 10920 and 2642850?
210
What is the highest common factor of 5140894 and 1298?
22
What is the highest common factor of 234557 and 326?
163
Calculate the highest common factor of 354969954 and 9090.
1818
What is the greatest common factor of 15697 and 60709?
11
What is the highest common divisor of 10695740 and 30866?
1342
Calculate the greatest common divisor of 30466247 and 17927.
1379
Calculate the greatest common factor of 1656333 and 305.
61
What is the highest common divisor of 54 and 162494532?
54
Calculate the greatest common factor of 298865 and 24745.
35
What is the greatest common divisor of 41779 and 177161?
41
Calculate the highest common divisor of 360 and 9055530.
90
What is the highest common divisor of 14 and 3460836134?
14
What is the highest common divisor of 669829 and 253?
23
Calculate the greatest common factor of 7217639 and 26741.
2431
Calculate the highest common factor of 191465527 and 1045.
209
Calculate the highest common factor of 12449 and 528109.
59
Calculate the highest common factor of 154 and 50275540.
14
Calculate the greatest common divisor of 1640 and 15759580.
820
Calculate the greatest common divisor of 129 and 11153641.
43
What is the greatest common factor of 4195525 and 1200?
25
Calculate the highest common divisor of 259161 and 1679279.
2107
Calculate the greatest common factor of 12070485 and 6930.
315
Calculate the greatest common factor of 2204390 and 45985.
85
Calculate the highest common divisor of 69903 and 8343.
81
What is the greatest common divisor of 11439 and 1019178?
369
Calculate the highest common divisor of 704 and 48769088.
64
What is the highest common divisor of 183402 and 38?
2
What is the greatest common divisor of 2056491 and 664?
83
What is the highest common factor of 62493 and 42069?
111
What is the greatest common factor of 519 and 4625847?
519
What is the highest common divisor of 11360 and 85915?
5
Calculate the greatest common factor of 1605 and 14847213.
321
What is the highest common divisor of 17384274 and 15870?
138
What is the greatest common divisor of 683674 and 7502?
62
Calculate the highest common divisor of 39128425 and 1850.
925
Calculate the highest common factor of 2431079 and 7.
7
Calculate the highest common divisor of 11988592 and 21616.
112
What is the greatest common divisor of 14952 and 282493743?
1869
What is the highest common divisor of 52 and 32460428?
52
What is the greatest common factor of 688179975 and 7?
7
Calculate the greatest common factor of 885 and 873435.
15
Calculate the greatest common factor of 45 and 235216695.
15
Calculate the greatest common factor of 128 and 16110544.
16
What is the highest common divisor of 28828056 and 5304?
408
Calculate the greatest common divisor of 852 and 3637304724.
852
Calculate the highest common divisor of 69210 and 180.
90
What is the highest common divisor of 38234 and 5334?
14
Calculate the highest common factor of 4045872 and 1764.
12
Calculate the greatest common divisor of 997059 and 7212.
1803
What is the greatest common factor of 26766617 and 15941?
839
Calculate the greatest common factor of 48143315 and 55.
55
Calculate the highest common divisor of 150524 and 195308.
1244
What is the highest common factor of 10019175 and 77341?
7031
What is the highest common factor of 121 and 7238187?
11
What is the greatest common divisor of 466 and 492958799?
233
Calculate the highest common factor of 1968317 and 31694.
299
What is the highest common divisor of 2490 and 367335?
15
Calculate the greatest common factor of 540702 and 32334.
102
Calculate the greatest common divisor of 86019365 and 285.
95
What is the greatest common factor of 180 and 7558140?
60
Calculate the highest common divisor of 267582 and 161214.
1662
What is the highest common factor of 7686 and 3264842?
854
Calculate the highest common factor of 6802 and 3800170.
358
What is the highest common divisor of 30779896 and 21?
7
Calculate the highest common divisor of 1128 and 14485896.
24
Calculate the highest common factor of 364350493 and 20696.
2587
What is the highest common factor of 4170299 and 26670?
889
Calculate the highest common factor of 41095015 and 65.
65
What is the highest common factor of 20736567 and 65124?
5427
What is the highest common divisor of 3540 and 16842612?
708
What is the highest common divisor of 9650 and 2093278?
386
Calculate the greatest common factor of 180481694 and 6252.
1042
Calculate the greatest common divisor of 4353472 and 320.
64
What is the highest common factor of 5017324 and 104?
52
Calculate the highest common divisor of 38877307 and 205.
41
Calculate the highest common divisor of 40686157 and 419.
419
Calculate the highest common divisor of 5443450 and 50.
50
Calculate the highest common factor of 4994 and 269222.
454
What is the greatest common divisor of 3796872 and 48?
24
Calculate the greatest common factor of 9882 and 21222.
162
Calculate the highest common divisor of 153743 and 56.
1
What is the highest common factor of 108602 and 95987460?
8354
Calculate the highest common factor of 26021507 and 53713.
4883
Calculate the highest common divisor of 516 and 437676.
12
What is the highest common divisor of 29851129 and 770?
77
What is the highest common divisor of 77 and 107888?
11
What is the highest common factor of 1260177 and 5151?
303
Calculate the greatest common divisor of 524686 and 46741.
43
Calculate the highest common factor of 92976 and 10525956.
1788
Calculate the highest common divisor of 81528 and 20984.
344
What is the greatest common divisor of 2 and 59304823?
1
Calculate the highest common divisor of 3992546 and 6612.
1102
Calculate the highest common factor of 206312308 and 4317.
1439
What is the greatest common factor of 704754 and 56916?
1674
What is the greatest common factor of 601528 and 901?
17
What is the highest common factor of 2415589 and 77?
11
Calculate the highest common factor of 16739838 and 530.
106
What is the greatest common factor of 200910 and 3083580?
1110
Calculate the highest common factor of 1415 and 439499.
283
What is the highest common divisor of 12964 and 4549244?
28
Calculate the greatest common divisor of 68988576 and 824.
824
Calculate the highest common factor of 2250066 and 285300.
1902
Calculate the highest common factor of 219615 and 75.
15
Calculate the highest common divisor of 4234 and 3201598376.
4234
Calculate the highest common factor of 168175 and 9650.
25
Calculate the greatest common divisor of 60450 and 1616550.
1950
Calculate the greatest common divisor of 5920231 and 1642.
821
Calculate the highest common di